n 369*(11/t)/(6/(-4)) is divided by h(-13).
30
Calculate the remainder when (35/84)/((-15)/(-60)) + 784/3 is divided by 32.
7
Let k = -4664 + 4777. What is the remainder when k is divided by 8?
1
Suppose -2*d = 4*d - 450. Suppose 3*x - 5*z = d, -5*x + 13 = 4*z - 75. Calculate the remainder when 38 is divided by x.
18
Let z = 126 - 68. Let h be (-38)/8 + 39/52. What is the remainder when z is divided by h/(-3)*(16 + -2 - 5)?
10
Suppose 3*j - g - 1086 = 288, 1383 = 3*j - 4*g. What is the remainder when j is divided by 27?
25
Suppose 11 = k + 2*x, 4*k + 2*x = -0*x + 20. Suppose -o = -k*z + 278, -2*z = 3*o + 106 - 284. Let l = 112 - z. What is the remainder when 56 is divided by l?
16
Suppose 13 = 10*j - 5*j + 3*l, 5*l + 20 = 0. Let q(u) = 2*u - 5. Let h be q(5). Let c(f) = f**2 - f - 3. Calculate the remainder when c(h) is divided by j.
2
Suppose 30*r + 814 + 69414 = 211*r. What is the remainder when r is divided by 75?
13
Let u(q) = 1466*q - 5899. Calculate the remainder when u(6) is divided by 224.
209
Let q = 35 + 55. What is the remainder when 329 is divided by (q/(-8))/((-189)/504)?
29
Suppose -5*w + 796 = 3*r, 193*w = 188*w + 5*r + 780. Calculate the remainder when 625 is divided by w.
151
Suppose -122611*g + 122628*g = 8568. What is the remainder when g is divided by 121?
20
Let j = -637 + 1946. What is the remainder when j is divided by 35?
14
Suppose 73 = z - 139. Suppose -z + 1067 = 5*a. Calculate the remainder when a is divided by 43.
42
Suppose 0 = 5*r - 17*r. Suppose 3*q - 4*w - 256 + 53 = r, -4*q + 2*w + 254 = 0. What is the remainder when 178 is divided by q?
56
Let a(c) = 7*c**2 + 9*c - 9. What is the remainder when 46 is divided by a(-3)?
19
Let b = -20133 + 20160. What is the remainder when 274 is divided by b?
4
Suppose -40*h + 256 = -38*h. What is the remainder when h - (8/(-6))/(8/(-18)) is divided by 66?
59
Calculate the remainder when 14/(-273) + (-311248)/(-546) is divided by 83.
72
Let h(n) = 36*n**2 - 69*n - 155. What is the remainder when h(-7) is divided by 42?
34
Let b(j) = 3*j**2 + 3*j + 1. Let o = 1348 + -698. Let h = o + -617. Calculate the remainder when h is divided by b(-3).
14
Let z(q) = -q + 9. Let k be z(10). Let r(x) = x**2 + x + 1. Let p be r(k). Let m(l) = 18*l - 2. Calculate the remainder when 26 is divided by m(p).
10
Suppose 546*r - 6845 = 541*r. Calculate the remainder when r is divided by 7.
4
Let s = 292 - 286. Suppose -12 = -4*a, 4*n - 11*a = -s*a + 225. Suppose 3*j = 4*l - 70, 2*j - 44 = -l - 2*l. Calculate the remainder when n is divided by l.
12
Let c = -19262 + 19315. What is the remainder when 257 is divided by c?
45
Suppose 76*r - 42199 = 22070 + 86515. What is the remainder when r is divided by 18?
4
Suppose -3*s = 2*s - 40. Suppose -u = -s - 39. What is the remainder when u is divided by (-36)/20*(-460)/69?
11
Suppose -4*o = -3*q - 1474, -681 - 781 = -4*o + q. What is the remainder when o is divided by 132?
100
Let r = -2747 - -3207. Calculate the remainder when r is divided by 58.
54
Let m(q) = -25*q**3 + 2*q**2 - 6*q + 2. Let c be m(3). Let u = c - -739. Calculate the remainder when 131 is divided by u.
65
Let b = 23 - 8. Suppose 5*m + 10 = 0, -4*q + 551 = -q - m. Suppose -4*h = -h + i - 175, 3*h - 3*i - q = 0. What is the remainder when h is divided by b?
14
What is the remainder when (-4)/(-5)*65/2 is divided by 1*51 + (-86400)/2700?
7
Suppose 0*w - 132 = 2*w + 2*j, -50 = w - 3*j. Let k = 27 + w. Let h = 62 + k. What is the remainder when 52 is divided by h?
25
Let j(l) = -248*l - 5. Let c be j(-5). Let t(d) = c*d**3 - 1234*d**3 + 2*d + 21 + 49. What is the remainder when t(0) is divided by 12?
10
Let m = -27222 + 27247. What is the remainder when 11749 is divided by m?
24
Let x(f) = f**2 + 19*f + 52. Let k be x(-3). Calculate the remainder when k/(-6) - (-13264)/24 is divided by 15.
12
Suppose 5*q + 3 = 73. Let s(f) = 5*f**2 - 2*f + 11. Calculate the remainder when s(2) is divided by q.
13
Suppose 0 = 5*l + 30, 5*n - l - 2685 = 4*l. Calculate the remainder when n is divided by 51.
21
Let u(o) = -2*o - 4. Calculate the remainder when 20 - 160/12*45/(-75) is divided by u(-5).
4
Suppose -x - 14*x + 2*x = 0. Suppose x = 64*o - 52*o - 624. Calculate the remainder when 251 is divided by o.
43
Suppose -o + 2*k = -136, 22*o - 18*o + 3*k = 599. What is the remainder when o is divided by 25?
21
Suppose -32*n = -34*n + 22. Let u = 15 - n. Suppose -5*p - l + 74 = 0, -2*p + l + u + 20 = 0. What is the remainder when 55 is divided by p?
13
Let o = 252 - 59. Suppose 0 = -5*f + t + 661 - o, -3*f = -5*t - 272. Let x(a) = -6*a - 6. Calculate the remainder when f is divided by x(-5).
22
Let k = -305 - -301. What is the remainder when 219/(-12)*-3*k/(-3) is divided by (-56 - 1)*2/(-6)?
16
Let x(n) = 7*n**2 - 8 - 2*n**2 - 4*n - n**3 + 5*n + 15*n**2. Suppose 0 = -2*q - 4, -4*a + 14 = -4*q - 74. Calculate the remainder when 19 is divided by x(a).
7
Let z = 201 - 150. Suppose -7*s + z = -26. Calculate the remainder when 74 is divided by s.
8
What is the remainder when (-430)/(-25)*1*50/20 is divided by 21?
1
Suppose -19 = -6*m + 5*m. Let u = 314 + -307. Let h(x) = 19*x - 2. Calculate the remainder when h(u) is divided by m.
17
Suppose 16053*q - 16040*q = 4056. Let k = -44 - -107. Calculate the remainder when q is divided by k.
60
Let d(n) be the second derivative of n**3/2 - 5*n**2 - 9*n. Let i be d(3). Let t(m) = -25*m - 1. What is the remainder when 45 is divided by t(i)?
21
Let f = -16982 + 17485. What is the remainder when f is divided by 46?
43
Let h(z) = -z**3 + 8*z**2 + 3*z - 1. Let x be h(4). Suppose -x = -a - 2*a. Calculate the remainder when -5*(-10)/a*14/4 is divided by 4.
3
Let w(z) = 7*z - 33. Let n(l) = 4*l - 31. Let h be n(9). What is the remainder when 0 + (2 - 4/(-2)) is divided by w(h)?
0
Suppose 0 = -0*j - 2*j. Suppose n - 338 = -3*o, j*n + 1 = -n. Suppose -14*l + 10*l + 92 = 2*f, f - 69 = -3*l. What is the remainder when o is divided by l?
21
Let a = -450 + 458. Calculate the remainder when a is divided by (-1*(-4 + -4))/2.
0
Let i(m) = -71*m + 1725. What is the remainder when i(-23) is divided by 30?
28
Let c(u) = -465*u + 240. Let p be c(-42). What is the remainder when p/240 + (-6)/16 is divided by 21?
19
Suppose -3*k + 127*k - 16 - 1596 = 0. What is the remainder when 8603 is divided by k?
10
Suppose n = -3*t + 363, -2*n - 16*t = -14*t - 714. What is the remainder when n is divided by 97?
63
Suppose -5*i + 3*g = 2*g - 23, 3*i = -4*g. Suppose -2*z + 730 = 4*j - 3*z, -i*z - 907 = -5*j. What is the remainder when j is divided by (-122)/(-4) - 1/(-2)?
28
Let k = 184 + -107. Suppose 4*l + 80 = 8*p - 4*p, -4*p + 5*l + k = 0. Suppose 0 = 4*w - 0*w - 28. Calculate the remainder when p is divided by w.
2
Let h be 3/(-18) + (-78)/(-36). Suppose -h*l - 93 = -165. Calculate the remainder when l is divided by 20.
16
Suppose 12 = 6*a - 2*a + 4*n, -2*a + 3*n + 6 = 0. Suppose 3*d + a*h - h = 26, -5*d = 2*h - 50. Calculate the remainder when 58 is divided by d.
10
Suppose 5*l = 111 - 116. What is the remainder when 263 is divided by (24 + 10)*(3 + l)?
59
Suppose -6*g = -31*g - 550. Let a(b) = 2*b**3 + 45*b**2 + 18*b - 69. What is the remainder when a(g) is divided by 5?
4
Let g = 266 - 258. Let a(b) = -b**3 + 18*b**2 - 76*b + 19. Calculate the remainder when 305 is divided by a(g).
50
Let h be 33/((-3 - -6)/12). Suppose 0 = 6*d - 3*d - h. What is the remainder when 86 is divided by d?
42
Suppose 7*r = -27*r + 3197 - 1089. Calculate the remainder when 8802 is divided by r.
60
Suppose -3*z = -2*p - 2, 3*p - 56 = 5*z - 61. What is the remainder when 2486 is divided by z?
2
Suppose 2*g - g - 15 = -2*p, -4*g - 3*p = -65. Suppose 18 = b - g. Suppose -16 = x - b. What is the remainder when x is divided by 10?
9
Let v(k) = -298*k - 5895. What is the remainder when v(-22) is divided by 147?
73
Let g(d) = 58. Let m(q) = -q + 234. Let r(y) = -26*g(y) + 6*m(y). Calculate the remainder when r(-34) is divided by 34.
32
Let z = -187 + 222. Let q = 73 + z. What is the remainder when q is divided by 30?
18
Suppose 0 = -2*a - 8, -7*f - a - 4 = -2*f. Calculate the remainder when -33*5/(f - 5) is divided by (-2)/(-3) + (-208)/(-39).
3
Let h = -4275 - -15665. Calculate the remainder when h is divided by 16.
14
Let p = 